{"id":1691,"date":"2024-09-15T21:48:44","date_gmt":"2024-09-15T19:48:44","guid":{"rendered":"https:\/\/koloroweraki.pl\/?page_id=1691"},"modified":"2024-09-15T21:48:44","modified_gmt":"2024-09-15T19:48:44","slug":"tydzien-promocji-zdrowia","status":"publish","type":"page","link":"https:\/\/koloroweraki.pl\/index.php\/tydzien-promocji-zdrowia\/","title":{"rendered":"Tydzie\u0144 Promocji Zdrowia"},"content":{"rendered":"<p>5. czerwca 2024r. w ramach Tygodnia Promocji Zdrowia organizowanego przez klub <a href=\"https:\/\/www.familyfit.pl\/\" target=\"_blank\" rel=\"noopener\">FamilyFit<\/a> w Kamie\u0144cu Wroc\u0142awskim, poprowadzi\u0142am spotkanie na temat profilaktyki raka piersi w kontek\u015bcie aktywno\u015bci fizycznej.<\/p>\n<p><img loading=\"lazy\" class=\"alignnone size-full wp-image-1693\" src=\"https:\/\/koloroweraki.pl\/wp-content\/uploads\/2024\/09\/Slajd1.jpg\" alt=\"\" width=\"1280\" height=\"720\" srcset=\"https:\/\/koloroweraki.pl\/wp-content\/uploads\/2024\/09\/Slajd1.jpg 1280w, https:\/\/koloroweraki.pl\/wp-content\/uploads\/2024\/09\/Slajd1-300x169.jpg 300w, https:\/\/koloroweraki.pl\/wp-content\/uploads\/2024\/09\/Slajd1-1024x576.jpg 1024w, https:\/\/koloroweraki.pl\/wp-content\/uploads\/2024\/09\/Slajd1-768x432.jpg 768w\" sizes=\"(max-width: 767px) 89vw, (max-width: 1000px) 54vw, (max-width: 1071px) 543px, 580px\" \/><\/p>\n<p><img loading=\"lazy\" class=\"alignnone size-full wp-image-1698\" src=\"https:\/\/koloroweraki.pl\/wp-content\/uploads\/2024\/09\/3D327C33-E9A1-4A5E-BE9F-46B556D72F47.jpg\" alt=\"\" width=\"1440\" height=\"1923\" srcset=\"https:\/\/koloroweraki.pl\/wp-content\/uploads\/2024\/09\/3D327C33-E9A1-4A5E-BE9F-46B556D72F47.jpg 1440w, https:\/\/koloroweraki.pl\/wp-content\/uploads\/2024\/09\/3D327C33-E9A1-4A5E-BE9F-46B556D72F47-225x300.jpg 225w, https:\/\/koloroweraki.pl\/wp-content\/uploads\/2024\/09\/3D327C33-E9A1-4A5E-BE9F-46B556D72F47-767x1024.jpg 767w, https:\/\/koloroweraki.pl\/wp-content\/uploads\/2024\/09\/3D327C33-E9A1-4A5E-BE9F-46B556D72F47-768x1026.jpg 768w, https:\/\/koloroweraki.pl\/wp-content\/uploads\/2024\/09\/3D327C33-E9A1-4A5E-BE9F-46B556D72F47-1150x1536.jpg 1150w\" sizes=\"(max-width: 767px) 89vw, (max-width: 1000px) 54vw, (max-width: 1071px) 543px, 580px\" \/><\/p>\n<p><img loading=\"lazy\" class=\"alignnone size-full wp-image-1700\" src=\"https:\/\/koloroweraki.pl\/wp-content\/uploads\/2024\/09\/EFE47BD5-A4C6-4B60-971C-FBC31024F9E7.jpg\" alt=\"\" width=\"1440\" height=\"1920\" srcset=\"https:\/\/koloroweraki.pl\/wp-content\/uploads\/2024\/09\/EFE47BD5-A4C6-4B60-971C-FBC31024F9E7.jpg 1440w, https:\/\/koloroweraki.pl\/wp-content\/uploads\/2024\/09\/EFE47BD5-A4C6-4B60-971C-FBC31024F9E7-225x300.jpg 225w, https:\/\/koloroweraki.pl\/wp-content\/uploads\/2024\/09\/EFE47BD5-A4C6-4B60-971C-FBC31024F9E7-768x1024.jpg 768w, https:\/\/koloroweraki.pl\/wp-content\/uploads\/2024\/09\/EFE47BD5-A4C6-4B60-971C-FBC31024F9E7-1152x1536.jpg 1152w\" sizes=\"(max-width: 767px) 89vw, (max-width: 1000px) 54vw, (max-width: 1071px) 543px, 580px\" \/><\/p>\n<p><img loading=\"lazy\" class=\"alignnone size-full wp-image-1695\" src=\"https:\/\/koloroweraki.pl\/wp-content\/uploads\/2024\/09\/D0B30A71-3235-407F-B3F1-F472A96F474B.jpg\" alt=\"\" width=\"1440\" height=\"1920\" srcset=\"https:\/\/koloroweraki.pl\/wp-content\/uploads\/2024\/09\/D0B30A71-3235-407F-B3F1-F472A96F474B.jpg 1440w, https:\/\/koloroweraki.pl\/wp-content\/uploads\/2024\/09\/D0B30A71-3235-407F-B3F1-F472A96F474B-225x300.jpg 225w, https:\/\/koloroweraki.pl\/wp-content\/uploads\/2024\/09\/D0B30A71-3235-407F-B3F1-F472A96F474B-768x1024.jpg 768w, https:\/\/koloroweraki.pl\/wp-content\/uploads\/2024\/09\/D0B30A71-3235-407F-B3F1-F472A96F474B-1152x1536.jpg 1152w\" sizes=\"(max-width: 767px) 89vw, (max-width: 1000px) 54vw, (max-width: 1071px) 543px, 580px\" \/><\/p>\n<p><img loading=\"lazy\" class=\"alignnone size-full wp-image-1697\" src=\"https:\/\/koloroweraki.pl\/wp-content\/uploads\/2024\/09\/985A324B-1FC7-4C0C-92FE-D0F57B2A707E.jpg\" alt=\"\" width=\"1440\" height=\"1920\" srcset=\"https:\/\/koloroweraki.pl\/wp-content\/uploads\/2024\/09\/985A324B-1FC7-4C0C-92FE-D0F57B2A707E.jpg 1440w, https:\/\/koloroweraki.pl\/wp-content\/uploads\/2024\/09\/985A324B-1FC7-4C0C-92FE-D0F57B2A707E-225x300.jpg 225w, https:\/\/koloroweraki.pl\/wp-content\/uploads\/2024\/09\/985A324B-1FC7-4C0C-92FE-D0F57B2A707E-768x1024.jpg 768w, https:\/\/koloroweraki.pl\/wp-content\/uploads\/2024\/09\/985A324B-1FC7-4C0C-92FE-D0F57B2A707E-1152x1536.jpg 1152w\" sizes=\"(max-width: 767px) 89vw, (max-width: 1000px) 54vw, (max-width: 1071px) 543px, 580px\" \/><\/p>\n","protected":false},"excerpt":{"rendered":"<p>5. czerwca 2024r. w ramach Tygodnia Promocji Zdrowia organizowanego przez klub FamilyFit w Kamie\u0144cu Wroc\u0142awskim, poprowadzi\u0142am spotkanie na temat profilaktyki raka piersi w kontek\u015bcie aktywno\u015bci fizycznej.<\/p>\n","protected":false},"author":1,"featured_media":0,"parent":0,"menu_order":0,"comment_status":"closed","ping_status":"closed","template":"","meta":[],"_links":{"self":[{"href":"https:\/\/koloroweraki.pl\/index.php\/wp-json\/wp\/v2\/pages\/1691"}],"collection":[{"href":"https:\/\/koloroweraki.pl\/index.php\/wp-json\/wp\/v2\/pages"}],"about":[{"href":"https:\/\/koloroweraki.pl\/index.php\/wp-json\/wp\/v2\/types\/page"}],"author":[{"embeddable":true,"href":"https:\/\/koloroweraki.pl\/index.php\/wp-json\/wp\/v2\/users\/1"}],"replies":[{"embeddable":true,"href":"https:\/\/koloroweraki.pl\/index.php\/wp-json\/wp\/v2\/comments?post=1691"}],"version-history":[{"count":1,"href":"https:\/\/koloroweraki.pl\/index.php\/wp-json\/wp\/v2\/pages\/1691\/revisions"}],"predecessor-version":[{"id":1704,"href":"https:\/\/koloroweraki.pl\/index.php\/wp-json\/wp\/v2\/pages\/1691\/revisions\/1704"}],"wp:attachment":[{"href":"https:\/\/koloroweraki.pl\/index.php\/wp-json\/wp\/v2\/media?parent=1691"}],"curies":[{"name":"wp","href":"https:\/\/api.w.org\/{rel}","templated":true}]}}