{"id":1807,"date":"2024-10-03T17:09:44","date_gmt":"2024-10-03T15:09:44","guid":{"rendered":"https:\/\/koloroweraki.pl\/?page_id=1807"},"modified":"2024-12-25T16:39:23","modified_gmt":"2024-12-25T15:39:23","slug":"kim-jestesmy","status":"publish","type":"page","link":"https:\/\/koloroweraki.pl\/index.php\/kim-jestesmy\/","title":{"rendered":"KIM JESTE\u015aMY"},"content":{"rendered":"<p><span style=\"color: #008000;\"><strong>AGATA WIKLIK-SZCZEBLEWSKA<br \/>\n<\/strong><\/span><strong>prezeska Fundacji Kolorowe raki<\/strong><\/p>\n<p><img loading=\"lazy\" class=\"alignnone wp-image-1992\" src=\"https:\/\/koloroweraki.pl\/wp-content\/uploads\/2024\/12\/IMG_20230119_144526.jpg\" alt=\"\" width=\"265\" height=\"357\" srcset=\"https:\/\/koloroweraki.pl\/wp-content\/uploads\/2024\/12\/IMG_20230119_144526.jpg 696w, https:\/\/koloroweraki.pl\/wp-content\/uploads\/2024\/12\/IMG_20230119_144526-223x300.jpg 223w\" sizes=\"(max-width: 265px) 100vw, 265px\" \/><\/p>\n<p>Jestem pacjentk\u0105 z podw\u00f3jnym do\u015bwiadczeniem chor\u00f3b onkologicznych (2006r. &#8211; ch\u0142oniak Hodgkina, leczenie r\u00f3wnolegle z przebiegiem ci\u0105\u017cy; 2019r. &#8211; diagnoza raka piersi).<\/p>\n<p>Uko\u0144czy\u0142am dwustopniowe szkolenie psychoonkologiczne, kurs Cancer Coaching, Szko\u0142\u0119 Onkowolontariatu oraz wiele pomniejszych warsztat\u00f3w. Jestem laureatk\u0105 takich nagr\u00f3d jak &#8222;Kobieta i Profilaktyka&#8221;, :Jask\u00f3\u0142ka Nadziei&#8221; w kategorii &#8222;Pacjent nios\u0105cy nadziej\u0119&#8221;, czy g\u0142\u00f3wnej nagrody literackiej w konkursie &#8222;\u017byj i trwaj&#8221;.<\/p>\n<p>Uwa\u017cam, \u017ce \u015bwiat nie jest czarno-bia\u0142y i uparcie szukam kolor\u00f3w w ka\u017cdej, nawet najtrudniejszej sytuacji. Jestem introwertyczk\u0105, kt\u00f3ra umie dobrze s\u0142ucha\u0107 drugiego cz\u0142owieka.<\/p>\n<p>Lubi\u0119 odpoczywa\u0107 aktywnie, gram w tenisa. Odpoczywam w kontacie z natur\u0105.<\/p>\n<hr \/>\n<p><span style=\"color: #008000;\"><strong>MARTYNA CHERUBIN<br \/>\n<\/strong><\/span><strong>wiceprezeska Fundacji Kolorowe raki<\/strong><\/p>\n<p><img loading=\"lazy\" class=\"alignnone wp-image-1994\" src=\"https:\/\/koloroweraki.pl\/wp-content\/uploads\/2024\/12\/62286bb9-a4c8-4272-a740-5df256eb197a.jpg\" alt=\"\" width=\"265\" height=\"354\" srcset=\"https:\/\/koloroweraki.pl\/wp-content\/uploads\/2024\/12\/62286bb9-a4c8-4272-a740-5df256eb197a.jpg 768w, https:\/\/koloroweraki.pl\/wp-content\/uploads\/2024\/12\/62286bb9-a4c8-4272-a740-5df256eb197a-225x300.jpg 225w\" sizes=\"(max-width: 265px) 100vw, 265px\" \/><\/p>\n<p>Martyna to moja serdeczna przyjaci\u00f3\u0142ka i osoba, bez kt\u00f3rej ta fundacja prawdopodobnie by nie powsta\u0142a.<br \/>\nDzieli si\u0119 swoj\u0105 odwag\u0105, sercem i trosk\u0105 w spos\u00f3b, kt\u00f3ry mnie nieustannie zachwyca. Ma do\u015bwiadczenie we wspieraniu os\u00f3b chorych onkologicznie, ale tak na prawd\u0119 jest podpor\u0105 ka\u017cdego cz\u0142owieka, kt\u00f3ry tylko znajdzie si\u0119 w jej otoczeniu.<br \/>\nC\u00f3\u017c, nazwisko zobowi\u0105zuje&#8230;<\/p>\n<p>Potrafi za\u0142atwi\u0107 sprawy, kt\u00f3re wydaj\u0105 si\u0119 nie do za\u0142atwienia. Potrafi dzia\u0142a\u0107 z nies\u0142ychanym zapa\u0142em i zara\u017ca\u0107 swoj\u0105 dobr\u0105 energi\u0105.<\/p>\n<p>Jest organizatork\u0105 wspania\u0142ych wydarze\u0144 sportowych &#8211; pozna\u0142y\u015bmy si\u0119 w\u0142a\u015bnie przy okazji tenisa.<\/p>\n<p>&nbsp;<\/p>\n","protected":false},"excerpt":{"rendered":"<p>AGATA WIKLIK-SZCZEBLEWSKA prezeska Fundacji Kolorowe raki Jestem pacjentk\u0105 z podw\u00f3jnym do\u015bwiadczeniem chor\u00f3b onkologicznych (2006r. &#8211; ch\u0142oniak Hodgkina, leczenie r\u00f3wnolegle z przebiegiem ci\u0105\u017cy; 2019r. &#8211; diagnoza raka piersi). Uko\u0144czy\u0142am dwustopniowe szkolenie psychoonkologiczne, kurs Cancer Coaching, Szko\u0142\u0119 Onkowolontariatu oraz wiele pomniejszych warsztat\u00f3w. Jestem laureatk\u0105 takich nagr\u00f3d jak &#8222;Kobieta i Profilaktyka&#8221;, :Jask\u00f3\u0142ka Nadziei&#8221; w kategorii &#8222;Pacjent nios\u0105cy nadziej\u0119&#8221;, &hellip; <\/p>\n<p class=\"link-more\"><a href=\"https:\/\/koloroweraki.pl\/index.php\/kim-jestesmy\/\" class=\"more-link\">Czytaj dalej<span class=\"screen-reader-text\"> KIM JESTE\u015aMY<\/span><\/a><\/p>\n","protected":false},"author":1,"featured_media":0,"parent":0,"menu_order":0,"comment_status":"closed","ping_status":"closed","template":"","meta":[],"_links":{"self":[{"href":"https:\/\/koloroweraki.pl\/index.php\/wp-json\/wp\/v2\/pages\/1807"}],"collection":[{"href":"https:\/\/koloroweraki.pl\/index.php\/wp-json\/wp\/v2\/pages"}],"about":[{"href":"https:\/\/koloroweraki.pl\/index.php\/wp-json\/wp\/v2\/types\/page"}],"author":[{"embeddable":true,"href":"https:\/\/koloroweraki.pl\/index.php\/wp-json\/wp\/v2\/users\/1"}],"replies":[{"embeddable":true,"href":"https:\/\/koloroweraki.pl\/index.php\/wp-json\/wp\/v2\/comments?post=1807"}],"version-history":[{"count":4,"href":"https:\/\/koloroweraki.pl\/index.php\/wp-json\/wp\/v2\/pages\/1807\/revisions"}],"predecessor-version":[{"id":1996,"href":"https:\/\/koloroweraki.pl\/index.php\/wp-json\/wp\/v2\/pages\/1807\/revisions\/1996"}],"wp:attachment":[{"href":"https:\/\/koloroweraki.pl\/index.php\/wp-json\/wp\/v2\/media?parent=1807"}],"curies":[{"name":"wp","href":"https:\/\/api.w.org\/{rel}","templated":true}]}}