{"id":2015,"date":"2025-05-06T18:20:23","date_gmt":"2025-05-06T16:20:23","guid":{"rendered":"https:\/\/koloroweraki.pl\/?page_id=2015"},"modified":"2025-09-13T23:02:00","modified_gmt":"2025-09-13T21:02:00","slug":"aktywni-paliatywni","status":"publish","type":"page","link":"https:\/\/koloroweraki.pl\/index.php\/aktywni-paliatywni\/","title":{"rendered":"AKTYWNI PALIATYWNI"},"content":{"rendered":"<h2><span style=\"color: #008000;\"><strong>Kliknij w grafik\u0119, aby przenie\u015b\u0107 si\u0119 na stron\u0119 projektu<br \/>\n&#8222;AKTYWNI PALIATYWNI&#8221;:<\/strong><\/span><\/h2>\n<p><a href=\"https:\/\/aktywnipaliatywni.pl\/\"><img loading=\"lazy\" class=\"alignnone size-full wp-image-2017\" src=\"https:\/\/koloroweraki.pl\/wp-content\/uploads\/2025\/05\/Projekt-realizowany-dzieki-dofinansowaniu-otrzymanemu-od-Polskiej-Ligi-Walki-z-Rakiem.jpg\" alt=\"\" width=\"1080\" height=\"1080\" srcset=\"https:\/\/koloroweraki.pl\/wp-content\/uploads\/2025\/05\/Projekt-realizowany-dzieki-dofinansowaniu-otrzymanemu-od-Polskiej-Ligi-Walki-z-Rakiem.jpg 1080w, https:\/\/koloroweraki.pl\/wp-content\/uploads\/2025\/05\/Projekt-realizowany-dzieki-dofinansowaniu-otrzymanemu-od-Polskiej-Ligi-Walki-z-Rakiem-300x300.jpg 300w, https:\/\/koloroweraki.pl\/wp-content\/uploads\/2025\/05\/Projekt-realizowany-dzieki-dofinansowaniu-otrzymanemu-od-Polskiej-Ligi-Walki-z-Rakiem-1024x1024.jpg 1024w, https:\/\/koloroweraki.pl\/wp-content\/uploads\/2025\/05\/Projekt-realizowany-dzieki-dofinansowaniu-otrzymanemu-od-Polskiej-Ligi-Walki-z-Rakiem-150x150.jpg 150w, https:\/\/koloroweraki.pl\/wp-content\/uploads\/2025\/05\/Projekt-realizowany-dzieki-dofinansowaniu-otrzymanemu-od-Polskiej-Ligi-Walki-z-Rakiem-768x768.jpg 768w, https:\/\/koloroweraki.pl\/wp-content\/uploads\/2025\/05\/Projekt-realizowany-dzieki-dofinansowaniu-otrzymanemu-od-Polskiej-Ligi-Walki-z-Rakiem-100x100.jpg 100w\" sizes=\"(max-width: 767px) 89vw, (max-width: 1000px) 54vw, (max-width: 1071px) 543px, 580px\" \/><\/a><\/p>\n<div class=\"x11i5rnm xat24cr x1mh8g0r x1vvkbs xtlvy1s x126k92a\">\n<h4 dir=\"auto\">Adresaci akcji:<\/h4>\n<div dir=\"auto\"><span style=\"color: #000000;\">1. Pacjenci onkologiczni obj\u0119ci leczeniem paliatywnym &#8211; jako autorzy marze\u0144.<br \/>\n2. Wszystkie osoby, kt\u00f3re maj\u0105 ch\u0119\u0107 i mo\u017cliwo\u015b\u0107 spe\u0142ni\u0107 marzenia pacjent\u00f3w.<br \/>\n3. Ca\u0142e spo\u0142ecze\u0144stwo &#8211; aby zweryfikowa\u0107 sw\u00f3j spos\u00f3b my\u015blenia o opiece paliatywnej.<\/span><\/div>\n<h4 dir=\"auto\"><span style=\"font-size: 1rem; font-weight: 800;\">Zasady akcji:<\/span><\/h4>\n<\/div>\n<div class=\"x11i5rnm xat24cr x1mh8g0r x1vvkbs xtlvy1s x126k92a\">\n<div dir=\"auto\"><span style=\"color: #000000;\">Ka\u017cdy pacjent onkologiczny obj\u0119ty leczeniem paliatywnym, mo\u017ce za pomoc\u0105 prostego formularza zg\u0142osi\u0107 swoje marzenie, kt\u00f3rego realizacja pomo\u017ce mu w jego aktywno\u015bciach.<br \/>\nKa\u017cda osoba, firma, czy organizacja, kt\u00f3ra jest w stanie zrealizowa\u0107 kt\u00f3re\u015b z opublikowanych marze\u0144, mo\u017ce to zrobi\u0107 kontaktuj\u0105c si\u0119 poprzez formularz &#8222;Spe\u0142niam marzenie&#8221;.<br \/>\nDane os\u00f3b zg\u0142aszaj\u0105cych marzenia, jak i os\u00f3b je realizuj\u0105cych nie s\u0105 publikowane. W sprawach zwi\u0105zanych z realizacj\u0105 marzenia (kwestie organizacyjne, ustalenie szczeg\u00f3\u0142\u00f3w, wysy\u0142ka, itp.) po\u015bredniczy Fundacja Kolorowe raki.<\/span><\/div>\n<\/div>\n<h4>Cele projektu &#8222;AKTYWNI PALIATYWNI&#8221;:<\/h4>\n<p>Projekt \u201eAktywni Paliatywni\u201d ma na celu stworzenie nowoczesnej i dost\u0119pnej strony internetowej, kt\u00f3ra wesprze kampani\u0119 zmieniaj\u0105c\u0105 spo\u0142eczne postrzeganie opieki paliatywnej pacjent\u00f3w onkologicznych. Obecnie wiele os\u00f3b kojarzy opiek\u0119 paliatywn\u0105 wy\u0142\u0105cznie z momentem blisko\u015bci \u015bmierci, co znacz\u0105co ogranicza zrozumienie jej rzeczywistej warto\u015bci. Kampania \u201eAktywni Paliatywni\u201d ma za zadanie u\u015bwiadomi\u0107 spo\u0142ecze\u0144stwu, \u017ce opieka paliatywna daje szans\u0119 na pe\u0142ne wykorzystanie ka\u017cdej chwili \u017cycia, stwarzaj\u0105c warunki do realizacji marze\u0144 i aktywno\u015bci dostosowanych do indywidualnych mo\u017cliwo\u015bci pacjent\u00f3w.<\/p>\n<hr \/>\n<p><span style=\"color: #339966;\"><strong>REALIZACJA AKCJI:<\/strong><\/span><\/p>\n<p><a href=\"https:\/\/aktywnipaliatywni.pl\/\" target=\"_blank\" rel=\"noopener\"><img loading=\"lazy\" class=\"alignnone size-full wp-image-2036\" src=\"https:\/\/koloroweraki.pl\/wp-content\/uploads\/2025\/09\/Projekt-realizowany-dzieki-dofinansowaniu-otrzymanemu-od-Polskiej-Ligi-Walki-z-Rakiem-20-x-3-cm.png\" alt=\"\" width=\"2000\" height=\"300\" srcset=\"https:\/\/koloroweraki.pl\/wp-content\/uploads\/2025\/09\/Projekt-realizowany-dzieki-dofinansowaniu-otrzymanemu-od-Polskiej-Ligi-Walki-z-Rakiem-20-x-3-cm.png 2000w, https:\/\/koloroweraki.pl\/wp-content\/uploads\/2025\/09\/Projekt-realizowany-dzieki-dofinansowaniu-otrzymanemu-od-Polskiej-Ligi-Walki-z-Rakiem-20-x-3-cm-300x45.png 300w, https:\/\/koloroweraki.pl\/wp-content\/uploads\/2025\/09\/Projekt-realizowany-dzieki-dofinansowaniu-otrzymanemu-od-Polskiej-Ligi-Walki-z-Rakiem-20-x-3-cm-1024x154.png 1024w, https:\/\/koloroweraki.pl\/wp-content\/uploads\/2025\/09\/Projekt-realizowany-dzieki-dofinansowaniu-otrzymanemu-od-Polskiej-Ligi-Walki-z-Rakiem-20-x-3-cm-768x115.png 768w, https:\/\/koloroweraki.pl\/wp-content\/uploads\/2025\/09\/Projekt-realizowany-dzieki-dofinansowaniu-otrzymanemu-od-Polskiej-Ligi-Walki-z-Rakiem-20-x-3-cm-1536x230.png 1536w\" sizes=\"(max-width: 767px) 89vw, (max-width: 1000px) 54vw, (max-width: 1071px) 543px, 580px\" \/><\/a><em>Projekt ten jest realizowany dzi\u0119ki dofinansowaniu otrzymanemu od Polskiej Ligi Walki z Rakiem w ramach w VIII edycji &#8222;Onkogrant\u00f3w&#8221; (kategoria &#8222;Opieka paliatywna&#8221;).<\/em><br \/>\n<img loading=\"lazy\" class=\"alignnone wp-image-2016 \" src=\"https:\/\/koloroweraki.pl\/wp-content\/uploads\/2025\/05\/logo-PLWzR.png\" alt=\"\" width=\"167\" height=\"125\" \/><\/p>\n","protected":false},"excerpt":{"rendered":"<p>Kliknij w grafik\u0119, aby przenie\u015b\u0107 si\u0119 na stron\u0119 projektu &#8222;AKTYWNI PALIATYWNI&#8221;: Adresaci akcji: 1. Pacjenci onkologiczni obj\u0119ci leczeniem paliatywnym &#8211; jako autorzy marze\u0144. 2. Wszystkie osoby, kt\u00f3re maj\u0105 ch\u0119\u0107 i mo\u017cliwo\u015b\u0107 spe\u0142ni\u0107 marzenia pacjent\u00f3w. 3. Ca\u0142e spo\u0142ecze\u0144stwo &#8211; aby zweryfikowa\u0107 sw\u00f3j spos\u00f3b my\u015blenia o opiece paliatywnej. Zasady akcji: Ka\u017cdy pacjent onkologiczny obj\u0119ty leczeniem paliatywnym, mo\u017ce &hellip; <\/p>\n<p class=\"link-more\"><a href=\"https:\/\/koloroweraki.pl\/index.php\/aktywni-paliatywni\/\" class=\"more-link\">Czytaj dalej<span class=\"screen-reader-text\"> AKTYWNI PALIATYWNI<\/span><\/a><\/p>\n","protected":false},"author":1,"featured_media":0,"parent":0,"menu_order":0,"comment_status":"closed","ping_status":"closed","template":"","meta":[],"_links":{"self":[{"href":"https:\/\/koloroweraki.pl\/index.php\/wp-json\/wp\/v2\/pages\/2015"}],"collection":[{"href":"https:\/\/koloroweraki.pl\/index.php\/wp-json\/wp\/v2\/pages"}],"about":[{"href":"https:\/\/koloroweraki.pl\/index.php\/wp-json\/wp\/v2\/types\/page"}],"author":[{"embeddable":true,"href":"https:\/\/koloroweraki.pl\/index.php\/wp-json\/wp\/v2\/users\/1"}],"replies":[{"embeddable":true,"href":"https:\/\/koloroweraki.pl\/index.php\/wp-json\/wp\/v2\/comments?post=2015"}],"version-history":[{"count":5,"href":"https:\/\/koloroweraki.pl\/index.php\/wp-json\/wp\/v2\/pages\/2015\/revisions"}],"predecessor-version":[{"id":2037,"href":"https:\/\/koloroweraki.pl\/index.php\/wp-json\/wp\/v2\/pages\/2015\/revisions\/2037"}],"wp:attachment":[{"href":"https:\/\/koloroweraki.pl\/index.php\/wp-json\/wp\/v2\/media?parent=2015"}],"curies":[{"name":"wp","href":"https:\/\/api.w.org\/{rel}","templated":true}]}}