{"id":322,"date":"2021-04-17T10:58:27","date_gmt":"2021-04-17T08:58:27","guid":{"rendered":"https:\/\/koloroweraki.pl\/?page_id=322"},"modified":"2021-04-18T00:23:19","modified_gmt":"2021-04-17T22:23:19","slug":"regulamin-konkursu-zlote-mysli","status":"publish","type":"page","link":"https:\/\/koloroweraki.pl\/index.php\/regulamin-konkursu-zlote-mysli\/","title":{"rendered":"Regulamin konkursu &#8222;Z\u0142ote my\u015bli&#8221;"},"content":{"rendered":"<ol>\n<li>Organizatorem konkursu jest Agata Wiklik-Szczeblewska w\u0142a\u015bcicielka bloga &#8222;Kolorowe raki&#8221;.<\/li>\n<li>W konkursie mog\u0105 wzi\u0105\u0107 udzia\u0142 wszyscy zainteresowani, kt\u00f3rzy maj\u0105 dost\u0119p i mo\u017cliwo\u015b\u0107 komentowania na stronie https:\/\/www.facebook.com\/koloroweraki.<\/li>\n<li>Nagrod\u0105 za zwyci\u0119stwo w konkursie jest jeden egzemplarz ksi\u0105\u017cki pt. &#8222;6. pi\u0119tro to nie teatr&#8221;, ufundowanej przez autork\u0119 &#8211; pani\u0105 Ann\u0119 Bachulsk\u0105-Kossek.<\/li>\n<li>Rozpocz\u0119cie konkursu nast\u0119puje w dniu 18.04.2021r. wraz z publikacj\u0105 wpisu &#8222;Z\u0142ote my\u015bli&#8221; na stronie https:\/\/www.facebook.com\/koloroweraki.<\/li>\n<li>Zadaniem os\u00f3b bior\u0105cych udzia\u0142 w konkursie jest napisanie w komentarzu do wpisu &#8222;Z\u0142ote my\u015bli&#8221; na stronie wymienionej w pkt.4 sentencji, kt\u00f3r\u0105 uznaj\u0105 za wspieraj\u0105c\u0105, mobilizuj\u0105c\u0105 lub pocieszaj\u0105c\u0105 w procesie leczenia choroby onkologicznej lub po odbytym leczeniu. Ka\u017cdy uczestnik konkursu mo\u017ce przedstawi\u0107 dowoln\u0105 liczb\u0119 propozycji, dowoln\u0105 liczb\u0119 komentarzy.<\/li>\n<li>Nie ma ogranicze\u0144 odno\u015bnie \u017ar\u00f3d\u0142a przytoczonych sentencji; natomiast je\u015bli stanowi\u0105 czyj\u015b cytat, to uczestnik konkursu powinien poda\u0107 jego \u017ar\u00f3d\u0142o. Odpowiedzialno\u015b\u0107 w tym zakresie le\u017cy po stronie uczestnika konkursu.<\/li>\n<li>Sentencje zawieraj\u0105ce tre\u015bci obra\u017aliwe, niezgodne z prawem lub ewidentnie nie zwi\u0105zane z tematem konkursu b\u0119d\u0105 usuwane przez organizatora i nie b\u0119d\u0105 brane pod uwag\u0119 w konkursie. Decyzj\u0119 o usuni\u0119ciu komentarza podejmuje organizator konkursu.<\/li>\n<li>Zwyci\u0119zc\u0105 konkursu b\u0119dzie autor sentencji, kt\u00f3ra uzyska najwi\u0119cej g\u0142os\u00f3w, w czasie do zako\u0144czenia konkursu, podanym w pkt. 9. G\u0142osy nale\u017cy oddawa\u0107 poprzez naci\u015bni\u0119cie ikonki &#8222;Lubi\u0119 to&#8221; pod wybranym komentarzem. Rodzaj wybranej grafiki ikonki nie ma znaczenia. G\u0142osy oddane przez autora danej propozycji na sw\u00f3j w\u0142asny komentarz nie b\u0119d\u0105 brane pod uwag\u0119.<\/li>\n<li>Zako\u0144czenie konkursu nast\u0105pi\u00a0 w dniu 20.04.2021r. o godzinie 20:00.<\/li>\n<li>Policzenie liczby oddanych g\u0142os\u00f3w nale\u017cy do organizatora konkursu.<\/li>\n<li>W przypadku, gdy wi\u0119cej ni\u017c jedna sentencja uzyska najwy\u017csz\u0105 liczb\u0119 g\u0142os\u00f3w, zwyci\u0119zc\u0119 konkursu typuje organizator, bior\u0105c pod uwag\u0119 emocje, jakie wywo\u0142a\u0142y propozycje &#8211; zar\u00f3wno na stronie w\u015br\u00f3d os\u00f3b obserwuj\u0105cych, jak i u samego organizatora.<\/li>\n<li>Wyniki konkursu zostan\u0105 og\u0142oszone w dniu 21.04.2021r. na fanpagu Kolorowe raki. W og\u0142oszeniu wynik\u00f3w zostanie podana w po\u015bcie publicznym nazwa u\u017cytkownika, kt\u00f3ry wygra\u0142 konkurs. Tym samym wszystkie osoby bior\u0105ce udzia\u0142 w konkursie zgadzaj\u0105 si\u0119 na publikacj\u0119 tych danych w przypadku zwyci\u0119stwa.<\/li>\n<li>Po og\u0142oszeniu wynik\u00f3w organizator skontaktuje si\u0119 poprzez wiadomo\u015b\u0107 prywatn\u0105 ze zwyci\u0119zc\u0105 konkursu, w celu ustalenia danych do wys\u0142ania nagrody.<\/li>\n<li>Koszty wysy\u0142ki nagrody ponosi organizator konkursu.<\/li>\n<\/ol>\n","protected":false},"excerpt":{"rendered":"<p>Organizatorem konkursu jest Agata Wiklik-Szczeblewska w\u0142a\u015bcicielka bloga &#8222;Kolorowe raki&#8221;. W konkursie mog\u0105 wzi\u0105\u0107 udzia\u0142 wszyscy zainteresowani, kt\u00f3rzy maj\u0105 dost\u0119p i mo\u017cliwo\u015b\u0107 komentowania na stronie https:\/\/www.facebook.com\/koloroweraki. Nagrod\u0105 za zwyci\u0119stwo w konkursie jest jeden egzemplarz ksi\u0105\u017cki pt. &#8222;6. pi\u0119tro to nie teatr&#8221;, ufundowanej przez autork\u0119 &#8211; pani\u0105 Ann\u0119 Bachulsk\u0105-Kossek. Rozpocz\u0119cie konkursu nast\u0119puje w dniu 18.04.2021r. wraz z &hellip; <\/p>\n<p class=\"link-more\"><a href=\"https:\/\/koloroweraki.pl\/index.php\/regulamin-konkursu-zlote-mysli\/\" class=\"more-link\">Czytaj dalej<span class=\"screen-reader-text\"> Regulamin konkursu &#8222;Z\u0142ote my\u015bli&#8221;<\/span><\/a><\/p>\n","protected":false},"author":1,"featured_media":0,"parent":0,"menu_order":0,"comment_status":"closed","ping_status":"closed","template":"","meta":[],"_links":{"self":[{"href":"https:\/\/koloroweraki.pl\/index.php\/wp-json\/wp\/v2\/pages\/322"}],"collection":[{"href":"https:\/\/koloroweraki.pl\/index.php\/wp-json\/wp\/v2\/pages"}],"about":[{"href":"https:\/\/koloroweraki.pl\/index.php\/wp-json\/wp\/v2\/types\/page"}],"author":[{"embeddable":true,"href":"https:\/\/koloroweraki.pl\/index.php\/wp-json\/wp\/v2\/users\/1"}],"replies":[{"embeddable":true,"href":"https:\/\/koloroweraki.pl\/index.php\/wp-json\/wp\/v2\/comments?post=322"}],"version-history":[{"count":3,"href":"https:\/\/koloroweraki.pl\/index.php\/wp-json\/wp\/v2\/pages\/322\/revisions"}],"predecessor-version":[{"id":331,"href":"https:\/\/koloroweraki.pl\/index.php\/wp-json\/wp\/v2\/pages\/322\/revisions\/331"}],"wp:attachment":[{"href":"https:\/\/koloroweraki.pl\/index.php\/wp-json\/wp\/v2\/media?parent=322"}],"curies":[{"name":"wp","href":"https:\/\/api.w.org\/{rel}","templated":true}]}}

Regulamin konkursu &#8222;Złote myśli&#8221;

<ol>
<li>Organizatorem konkursu jest Agata Wiklik-Szczeblewska właścicielka bloga &#8222;Kolorowe raki&#8221;.</li>
<li>W konkursie mogą wziąć udział wszyscy zainteresowani, którzy mają dostęp i możliwość komentowania na stronie https://www.facebook.com/koloroweraki.</li>
<li>Nagrodą za zwycięstwo w konkursie jest jeden egzemplarz książki pt. &#8222;6. piętro to nie teatr&#8221;, ufundowanej przez autorkę &#8211; panią Annę Bachulską-Kossek.</li>
<li>Rozpoczęcie konkursu następuje w dniu 18.04.2021r. wraz z publikacją wpisu &#8222;Złote myśli&#8221; na stronie https://www.facebook.com/koloroweraki.</li>
<li>Zadaniem osób biorących udział w konkursie jest napisanie w komentarzu do wpisu &#8222;Złote myśli&#8221; na stronie wymienionej w pkt.4 sentencji, którą uznają za wspierającą, mobilizującą lub pocieszającą w procesie leczenia choroby onkologicznej lub po odbytym leczeniu. Każdy uczestnik konkursu może przedstawić dowolną liczbę propozycji, dowolną liczbę komentarzy.</li>
<li>Nie ma ograniczeń odnośnie źródła przytoczonych sentencji; natomiast jeśli stanowią czyjś cytat, to uczestnik konkursu powinien podać jego źródło. Odpowiedzialność w tym zakresie leży po stronie uczestnika konkursu.</li>
<li>Sentencje zawierające treści obraźliwe, niezgodne z prawem lub ewidentnie nie związane z tematem konkursu będą usuwane przez organizatora i nie będą brane pod uwagę w konkursie. Decyzję o usunięciu komentarza podejmuje organizator konkursu.</li>
<li>Zwycięzcą konkursu będzie autor sentencji, która uzyska najwięcej głosów, w czasie do zakończenia konkursu, podanym w pkt. 9. Głosy należy oddawać poprzez naciśnięcie ikonki &#8222;Lubię to&#8221; pod wybranym komentarzem. Rodzaj wybranej grafiki ikonki nie ma znaczenia. Głosy oddane przez autora danej propozycji na swój własny komentarz nie będą brane pod uwagę.</li>
<li>Zakończenie konkursu nastąpi  w dniu 20.04.2021r. o godzinie 20:00.</li>
<li>Policzenie liczby oddanych głosów należy do organizatora konkursu.</li>
<li>W przypadku, gdy więcej niż jedna sentencja uzyska najwyższą liczbę głosów, zwycięzcę konkursu typuje organizator, biorąc pod uwagę emocje, jakie wywołały propozycje &#8211; zarówno na stronie wśród osób obserwujących, jak i u samego organizatora.</li>
<li>Wyniki konkursu zostaną ogłoszone w dniu 21.04.2021r. na fanpagu Kolorowe raki. W ogłoszeniu wyników zostanie podana w poście publicznym nazwa użytkownika, który wygrał konkurs. Tym samym wszystkie osoby biorące udział w konkursie zgadzają się na publikację tych danych w przypadku zwycięstwa.</li>
<li>Po ogłoszeniu wyników organizator skontaktuje się poprzez wiadomość prywatną ze zwycięzcą konkursu, w celu ustalenia danych do wysłania nagrody.</li>
<li>Koszty wysyłki nagrody ponosi organizator konkursu.</li>
</ol>

<p>Organizatorem konkursu jest Agata Wiklik-Szczeblewska właścicielka bloga &#8222;Kolorowe raki&#8221;. W konkursie mogą wziąć udział wszyscy zainteresowani, którzy mają dostęp i możliwość komentowania na stronie https://www.facebook.com/koloroweraki. Nagrodą za zwycięstwo w konkursie jest jeden egzemplarz książki pt. &#8222;6. piętro to nie teatr&#8221;, ufundowanej przez autorkę &#8211; panią Annę Bachulską-Kossek. Rozpoczęcie konkursu następuje w dniu 18.04.2021r. wraz z &hellip; </p>
<p class="link-more"><a href="https://koloroweraki.pl/index.php/regulamin-konkursu-zlote-mysli/" class="more-link">Czytaj dalej<span class="screen-reader-text"> Regulamin konkursu &#8222;Złote myśli&#8221;</span></a></p>
